e number?
False
Let m(k) = 17*k - 2. Let t be m(1). Suppose -6*f = -5*f + t. Let d = 37 + f. Is d a prime number?
False
Let m(q) = 6*q**2 + 40*q - 67. Is m(-39) a composite number?
False
Let d(i) = 82*i - 245. Is d(33) a prime number?
False
Suppose 10*i - 315 = 275. Is i prime?
True
Suppose -4*c + 9*c + 10 = 0, -5*l - 4*c = -158837. Is l composite?
False
Let s(l) = -l**3 + 14*l**2 - 11. Let c(z) = -z**3 - 10*z**2 - 8*z + 12. Let n be c(-9). Let v be (n - 1)/(-2) - -11. Is s(v) a prime number?
True
Suppose -153*c = -150*c - 12153. Is c a prime number?
True
Let u = 1791 + -838. Is u a prime number?
True
Let o(f) = -6522*f - 287. Is o(-7) a prime number?
False
Suppose 0 = 2*y - 4*y. Let q(l) = 3*l + y + 3 + l + 9*l. Is q(7) prime?
False
Suppose 2*a = -0 - 12. Let l(n) = -10*n**2 - 6*n + 8. Let x be l(a). Let b = -222 - x. Is b composite?
True
Suppose 2*w - w = -4*k - 219, 0 = -4*w - 5*k - 931. Let x = 180 - w. Is x prime?
True
Suppose 16*t - 15*t - 40 = 0. Is 157*((-2)/10 + 48/t) composite?
False
Suppose q = -p - 2*q + 6356, 0 = -q + 1. Is p prime?
True
Suppose -7*a = -12*a + 10. Is ((a - 0)*257)/1 composite?
True
Let p(r) = -92*r - 23. Let c be p(-5). Suppose -c - 1791 = -4*b. Is b composite?
False
Suppose 3*m + 2*a + 1458 = 0, 4*m - 2*a = -6*a - 1940. Suppose -10*s = -3494 + 744. Let k = s - m. Is k prime?
False
Suppose -285070 = -41*c + 31*c. Is c prime?
False
Let y be (-44)/(-8)*-2 + 2. Let j be (-10 - y)*(1 - -1). Is (-298)/(-2) - (6 + j) a composite number?
True
Is (-6022818)/(-117) - (-10)/(-130) a composite number?
True
Suppose -4*h - 14 = -30. Suppose h*n = -2*b - 64, b = -3*n - 3*b - 38. Is (n/(-12))/((-3)/(-908)) prime?
False
Is (-158039)/(-2) - (-19)/(608/(-80)) a prime number?
False
Let f = -69 + 185. Is (2/(-4))/((-1)/f) a composite number?
True
Suppose 1916 = 2*p + 2*p. Suppose -6*v = 2*v - 2592. Suppose p = q - v. Is q a prime number?
False
Suppose -4*m + 49 = 41. Suppose -3*k + 4*c + 0*c = 5, -5*c = -10. Let o = m + k. Is o composite?
False
Suppose 2*d - 3 = 4*l - 1, d - 7 = -l. Let r(t) = 1. Let g(v) = 11*v + 18. Let w(h) = l*r(h) - g(h). Is w(-9) a prime number?
True
Let x = -7143 - -15178. Is x prime?
False
Let z = 91 - -11458. Is z a prime number?
True
Suppose -96*m + 126066 = -90*m. Is m a prime number?
True
Let m(w) = -2*w**3 - 3*w**2 - 3*w + 1. Let f = -13 - -10. Let j be m(f). Let v = j + 52. Is v a prime number?
True
Suppose g - l - 1572 = -90, 0 = -5*g + 2*l + 7395. Is g a prime number?
False
Suppose -46 + 4 = -3*d. Suppose 3*f - 19 = d. Is f a prime number?
True
Let a(s) = 10*s. Let k be a(-9). Let o = -55 - k. Is o a prime number?
False
Is ((-81)/(-108))/(3/1796) a composite number?
False
Suppose -13*d = -117777 + 4144. Is d composite?
False
Let l(r) = 3. Let q(v) = -4*v + 41. Let n(m) = 24*l(m) - 3*q(m). Is n(24) a composite number?
True
Let s = 825 - 1837. Let x = 2739 + s. Is x a prime number?
False
Let a(r) = r**3 + 10*r**2 - r + 9. Let t = 18 + -25. Is a(t) composite?
False
Suppose 12*i = 11*i + 6. Let k be (4/i)/(8/(-84)). Is 22/77 + (-915)/k prime?
True
Let o be 3/(-3)*12/4. Is o*(-3)/9*211 a composite number?
False
Let i = 7 - 8. Let l be (4/(-10))/(i/(-25)). Let u = l + 32. Is u a prime number?
False
Let m = 843 - -20920. Is m a prime number?
False
Suppose 111*m - 374 = 109*m - 4*u, -m - 3*u + 192 = 0. Is m prime?
False
Suppose -p = -2*q - 6, -2*p - 8*q + 4 = -4*q. Is 10/85 - (378864/(-68))/p a composite number?
True
Suppose 30 = -6*p + 9*p. Suppose -p*c = -c - 1098. Is c a prime number?
False
Suppose 5*a - 8 = 4*a + 2*p, 0 = -4*a - p + 23. Suppose 9*g - a*g = 3*s + 1599, 3*g + 3*s = 1575. Is g a composite number?
True
Let c(u) = 5*u**2 + 22*u - 4. Let p be c(-27). Suppose 0 = l + 2*h - 3385, 5*h - 10499 = -4*l + p. Is l a composite number?
False
Let h(n) = n + 1. Let c be h(-4). Let l be 10/3 - 2/c. Suppose 5*r - 103 = -l*b + 521, -2*r + 797 = 5*b. Is b prime?
False
Suppose m + m - 828 = 0. Let v(u) = -19*u - 12. Let a be v(11). Let f = m - a. Is f prime?
False
Let o be ((-6)/4)/(12/(-40)). Suppose -2*w + 406 = -0*u - o*u, 2*w + 4*u - 406 = 0. Is w prime?
False
Let j be 28 + 1/3*0. Let z be (-3)/1*j/(-21). Is (-10 - -23)*(z - -1) a composite number?
True
Suppose -5*y + 6984 = -g, 2015 + 4974 = 5*y + 4*g. Is y composite?
True
Let o = -10489 - -17484. Is o a composite number?
True
Let m = -6404 + 13176. Suppose 8*q - 12*q = -m. Is q composite?
False
Suppose 2*f - 1396 = 2*t, -1250 = -2*f - t + 155. Is f prime?
True
Let h = 10606 - 1223. Is h prime?
False
Suppose -11 - 14 = -5*x. Suppose -x = -2*o + 3*o, 4*u - 1319 = 3*o. Is u composite?
True
Suppose 3*x = 60*x - 1587849. Is x composite?
True
Suppose -10*k + 8*k = -10. Suppose q - 5*q + 6052 = 4*j, -4*q - k*j + 6052 = 0. Is q a prime number?
False
Let x(l) = -l**3 - 6*l**2 - 6*l - 3. Let m be x(-5). Suppose 0 = -m*v + 2 + 1170. Is v a prime number?
False
Let m(p) = 5*p - 30. Let x be m(13). Suppose 3*a = 13 + 35. Let o = a + x. Is o a composite number?
True
Is (-121720)/120*(0 + -3) a prime number?
False
Suppose -4*r = -t + 3545, 3*t - 2*r - 16173 = -5538. Is t prime?
False
Let y = -20 - -20. Let b(s) = 3*s + 299. Is b(y) a prime number?
False
Suppose -4*j - 6*f + 60380 = -2*f, 3*j = -f + 45285. Is j a prime number?
False
Suppose 18*j + 20*j = 228. Let q(s) = -5*s**2 + 5*s + 9. Let x(h) = h**2 - 1. Let i(g) = q(g) + 6*x(g). Is i(j) composite?
True
Suppose -5*i - 3*u = 15, -i + 12 = -5*i + 3*u. Is ((-2)/i)/(4*3/108) a composite number?
True
Let h be (-10146)/21 + (-1)/(-7). Let w = -14 - h. Is w composite?
True
Suppose 477 = r - 2*r. Let x(b) = -5*b**3 - 2*b**2 - 5*b + 6. Let j be x(5). Let m = r - j. Is m a prime number?
False
Suppose 2*l - 1264 - 6035 = -c, 2*c = 3*l - 10938. Let r = 5191 - l. Is r a prime number?
True
Let f = -34 - -61. Let j = -24 + f. Suppose -5*i - 3*t + t = -391, -j*i + 233 = 2*t. Is i a composite number?
False
Let z(k) = -35*k**3 + 13*k**2 - 11*k - 25. Is z(-12) a composite number?
False
Let t = -5 + 8. Suppose -d - t = 3*f + 4, -2 = 2*d + 2*f. Is (127/d)/((-8)/(-16)) a composite number?
False
Let i be (-10)/5 - ((-8)/(-2) - 1605). Let m = -970 + i. Is m a prime number?
False
Let z(t) = -254*t**3 - 6*t**2 - 6*t - 5. Is z(-4) a composite number?
True
Let m(d) = 19*d + 6. Suppose 0 = q + 3*q + 28. Let a(u) = u**3 + 8*u**2 + 6*u + 2. Let v be a(q). Is m(v) composite?
True
Let t be -3 + -1 + 2 - 1. Suppose 3 = -3*c + 2*n, 0 = -4*n - 1 + 13. Is 498 - (t - (-3 + c)) a prime number?
True
Let y(p) = 68*p**2 + 42*p + 11. Is y(8) a composite number?
True
Suppose -96*z + 8276639 = -2234113. Is z prime?
False
Is ((-33546)/(-5))/(9 + (-473)/55) composite?
True
Suppose -g = -w + g - 5, -5*w + 3*g = 39. Let l(r) = -9*r - 7. Is l(w) a composite number?
True
Suppose -53*j = -770105 - 924358. Is j a prime number?
False
Let f be -3 + -2 + (129 - 0). Let a = 46 - f. Let d = a + 263. Is d a prime number?
False
Let d be 15075/(-54) - 2/(-12). Let f = -184 - d. Suppose -f - 70 = -3*a. Is a prime?
False
Let c = 29374 + -20255. Is c a prime number?
False
Let f(a) = -14*a + 73. Let s = -60 + 31. Is f(s) a composite number?
False
Let v(k) = -k**3 - 9*k**2 - 9*k + 11. Let d be v(-8). Suppose 0 = -y + d. Let z = y + 0. Is z a composite number?
False
Let i(g) = -13*g**3 - 13*g**2 - 13*g + 31. Is i(-12) composite?
True
Let b be (-14)/(-10) - (-1 - 10/(-25)). Suppose -s + b*d = -5081, -14053 = -5*s - 3*d + 11326. Is s a prime number?
True
Let d = -11 - -14. Suppose 0 = d*p + 4*x - 308, -p + 2*x = -0*x - 106. Suppose 155 + p = h. Is h a prime number?
False
Suppose 0 = -0*m + 2*m - t - 903, -1803 = -4*m - t. Let i = -230 + m. Is i composite?
True
Let t be (-2)/7 + 15640/7. Let u = 3139 - t. Is u a prime number?
False
Let t(b) = 29*b**2 - b + 3. Let m(v) = -v**2. Let y(h) = -6*m(h) + t(h). Let r be y(3). Let n = r + -128. Is n a prime number?
False
Let k(v) = 3*v**3 + 23*v**2 + 24*v - 223. Is k(14) prime?
True
Suppose -v = -3 - 1. Suppose 28 = 8*y - v*y. Let h = 21 - y. Is h prime?
False
Let d(c) = -c**2 + 105*c - 15. Is d(33) a composite number?
True
Let t be (-1)/((-1)/9*3). Let n(k) = 69*k - 4. Is n(t) a prime number?
False
Let i(l) = -4355*l - 8. Let s be i(-5). Suppose 0 = 13*f - s - 242. Is f prime?
True
Let u = 53 + -32. Let s be 18/u - 2/(-14). Is (-3180)/(-2